it of 16109?
1
What is the units digit of 14473?
3
What is the tens digit of 898?
9
What is the thousands digit of 32583?
2
What is the thousands digit of 12852?
2
What is the hundreds digit of 1372?
3
What is the tens digit of 38570?
7
What is the units digit of 396?
6
What is the hundreds digit of 3064?
0
What is the hundreds digit of 1297?
2
What is the thousands digit of 17615?
7
What is the thousands digit of 3256?
3
What is the hundreds digit of 5340?
3
What is the hundreds digit of 971?
9
What is the tens digit of 3288?
8
What is the thousands digit of 9287?
9
What is the tens digit of 1150?
5
What is the tens digit of 2064?
6
What is the units digit of 32824?
4
What is the thousands digit of 41725?
1
What is the tens digit of 1075?
7
What is the hundreds digit of 3484?
4
What is the tens digit of 53145?
4
What is the thousands digit of 14165?
4
What is the tens digit of 30914?
1
What is the hundreds digit of 9526?
5
What is the hundreds digit of 52662?
6
What is the tens digit of 3536?
3
What is the units digit of 8179?
9
What is the units digit of 842?
2
What is the hundreds digit of 577?
5
What is the hundreds digit of 112?
1
What is the hundreds digit of 17873?
8
What is the hundreds digit of 2578?
5
What is the tens digit of 3324?
2
What is the tens digit of 27602?
0
What is the hundreds digit of 10983?
9
What is the ten thousands digit of 14214?
1
What is the ten thousands digit of 21822?
2
What is the hundreds digit of 163403?
4
What is the thousands digit of 12730?
2
What is the ten thousands digit of 160550?
6
What is the thousands digit of 30431?
0
What is the tens digit of 1412?
1
What is the tens digit of 498?
9
What is the units digit of 10862?
2
What is the hundreds digit of 32320?
3
What is the units digit of 27313?
3
What is the thousands digit of 9411?
9
What is the ten thousands digit of 11758?
1
What is the tens digit of 2075?
7
What is the hundreds digit of 224?
2
What is the hundreds digit of 19867?
8
What is the hundreds digit of 85166?
1
What is the units digit of 32707?
7
What is the tens digit of 8918?
1
What is the tens digit of 12226?
2
What is the hundreds digit of 3380?
3
What is the hundreds digit of 40937?
9
What is the units digit of 6256?
6
What is the hundreds digit of 3737?
7
What is the thousands digit of 8480?
8
What is the tens digit of 3371?
7
What is the hundreds digit of 15806?
8
What is the units digit of 41472?
2
What is the tens digit of 373?
7
What is the tens digit of 13101?
0
What is the thousands digit of 9308?
9
What is the hundreds digit of 136370?
3
What is the tens digit of 62346?
4
What is the thousands digit of 21570?
1
What is the units digit of 108365?
5
What is the hundreds digit of 7479?
4
What is the thousands digit of 1757?
1
What is the ten thousands digit of 39396?
3
What is the tens digit of 2946?
4
What is the hundreds digit of 343?
3
What is the tens digit of 16691?
9
What is the thousands digit of 1222?
1
What is the thousands digit of 13351?
3
What is the hundreds digit of 18128?
1
What is the ten thousands digit of 38533?
3
What is the units digit of 615?
5
What is the thousands digit of 3450?
3
What is the units digit of 83497?
7
What is the units digit of 5951?
1
What is the thousands digit of 21206?
1
What is the tens digit of 714?
1
What is the units digit of 48181?
1
What is the thousands digit of 43002?
3
What is the thousands digit of 7223?
7
What is the ten thousands digit of 146477?
4
What is the ten thousands digit of 11127?
1
What is the hundreds digit of 1179?
1
What is the tens digit of 3033?
3
What is the hundreds digit of 1391?
3
What is the units digit of 39910?
0
What is the tens digit of 1675?
7
What is the ten thousands digit of 10925?
1
What is the units digit of 57084?
4
What is the units digit of 571?
1
What is the tens digit of 4602?
0
What is the tens digit of 510?
1
What is the thousands digit of 1422?
1
What is the units digit of 4737?
7
What is the hundreds digit of 5960?
9
What is the tens digit of 1960?
6
What is the tens digit of 5761?
6
What is the units digit of 4000?
0
What is the thousands digit of 16339?
6
What is the thousands digit of 5560?
5
What is the thousands digit of 86084?
6
What is the tens digit of 10?
1
What is the tens digit of 18533?
3
What is the units digit of 36424?
4
What is the thousands digit of 1858?
1
What is the hundreds digit of 318?
3
What is the units digit of 7139?
9
What is the tens digit of 687?
8
What is the thousands digit of 6461?
6
What is the hundreds digit of 36799?
7
What is the tens digit of 6864?
6
What is the units digit of 2150?
0
What is the hundreds digit of 4097?
0
What is the thousands digit of 6762?
6
What is the tens digit of 6977?
7
What is the tens digit of 9247?
4
What is the tens digit of 85746?
4
What is the units digit of 1302?
2
What is the hundreds digit of 24619?
6
What is the units digit of 652?
2
What is the units digit of 2853?
3
What is the hundreds digit of 7622?
6
What is the units digit of 10379?
9
What is the hundreds digit of 1030?
0
What is the tens digit of 307?
0
What is the tens digit of 649?
4
What is the thousands digit of 16924?
6
What is the thousands digit of 13359?
3
What is the units digit of 146?
6
What is the hundreds digit of 1076?
0
What is the hundreds digit of 89999?
9
What is the tens digit of 1854?
5
What is the hundreds digit of 595?
5
What is the units digit of 7290?
0
What is the tens digit of 22014?
1
What is the units digit of 8443?
3
What is the units digit of 2478?
8
What is the units digit of 4935?
5
What is the hundreds digit of 1093?
0
What is the thousands digit of 4756?
4
What is the units digit of 591?
1
What is the tens digit of 768?
6
What is the hundreds digit of 49001?
0
What is the tens digit of 477?
7
What is the ten thousands digit of 57957?
5
What is the thousands digit of 2334?
2
What is the hundreds digit of 74109?
1
What is the units digit of 36070?
0
What is the units digit of 4483?
3
What is the units digit of 1420?
0
What is the thousands digit of 1469?
1
What is the tens digit of 648?
4
What is the units digit of 4039?
9
What is the thousands digit of 2512?
2
What is the units digit of 7951?
1
What is the hundreds digit of 5848?
8
What is the tens digit of 49362?
6
What is the units digit of 77804?
4
What is the units digit of 21847?
7
What is the ten thousands digit of 26121?
2
What is the hundreds digit of 4316?
3
What is the tens digit of 671?
7
What is the hundreds digit of 36631?
6
What is the tens digit of 763?
6
What is the tens digit of 22915?
1
What is the thousands digit of 5210?
5
What is the units digit of 806?
6
What is the thousands digit of 94379?
4
What is the units digit of 176?
6
What is the hundreds digit of 1354?
3
What is the tens digit of 22126?
2
What is the hundred thousands digit of 106384?
1
What is the units digit of 5995?
5
What is the tens digit of 23911?
1
What is the ten thousands digit of 47066?
4
What is the hundreds digit of 6306?
3
What is the thousands digit of 26977?
6
What is the units digit of 765?
5
What is the hundreds digit of 909?
9
What is the tens digit of 1224?
2
What is the thousands digit of 39164?
9
What is the tens digit of 41465?
6
What is the thousands digit of 6698?
6
What is the hundreds digit of 2716?
7
What is the tens digit of 2253?
5
What is the tens digit of 429?
2
What is the tens digit of 13394?
9
What is the hundreds digit of 159094?
0
What is the units digit of 8534?
4
What is the tens digit of 17410?
1
What is the units digit of 1021?
1
What is the units digit of 26226?
6
What is the ten thousands digit of 40118?
4
What is the tens digit of 7514?
1
What is the thousands digit of 9265?
9
What is the thousands digit of 3642?
3
What is the tens digit of 1582?
8
What is the units digit of 31041?
1
What is the tens digit of 2290?
9
What is the thousands digit of 2199?
2
What is the hundreds digit of 304?
3
What is the hundreds digit of 28421?
4
What is the thousands digit of 92871?
2
What is the thousands digit of 3437?
3
What is the units digit of 81710?
0
What is the tens digit of 878?
7
What is the hundreds digit of 565?
5
What is the hundreds digit of 113750?
7
What is the ten thousands digit of 57715?
5
What is the tens digit of 4257?
5
What is the units digi